 = 2*p**2 - 22*p - 14. Let a be z(12). What is the greatest common divisor of a and 30?
10
Let r(l) = 6*l + 1. Let u be r(3). Let j be u - (0 - -2 - 1). What is the greatest common divisor of 27 and j?
9
Let q be (1 + 6)*-1 + 1. Let j be (q + 7)*(1 + 0). Let f be (j - 3)*(-13)/2. Calculate the highest common factor of f and 52.
13
Suppose 8*c = -129 + 393. Suppose 2*u - 17 = 5. Calculate the greatest common divisor of u and c.
11
Let v(k) = k**2 - k - 24. Let x be v(7). Calculate the greatest common divisor of x and 27.
9
Let h(x) = 13*x**2 - 2*x + 1. Suppose -5*u + 5*z = -20, 4*u + 0*u + 3*z = -5. Let s be h(u). What is the greatest common factor of 3 and s?
3
Suppose -4*u = -19 + 7. Suppose -4*k + 12 = -4. Suppose -2*b + k*b + 3*w = 15, -2 = -b + 4*w. Calculate the greatest common divisor of u and b.
3
Let a(h) = -h**2 + 19*h - 43. Let m be a(8). What is the highest common divisor of m and 5?
5
Let q = 29 - 21. What is the highest common divisor of 88 and q?
8
Let i be (-3)/9*42/(-2). What is the highest common factor of 28 and i?
7
Let s = -27 + 17. Let b = s - -15. Suppose b*n - n = 128. What is the greatest common factor of 48 and n?
16
Let b = 7 - 1. Let y(c) = -c**2 + 6*c + 3. Let p be y(b). Suppose -2*v + 64 = 4*j, 3*v + 2*j - 56 = 6*j. Calculate the highest common divisor of v and p.
3
Let z(n) = n**2 - 4*n - 6. Let f be z(5). Let x be (5 - f) + (4 - 2). What is the highest common divisor of x and 1?
1
Suppose -125 = -5*u - s, 3*u + s + 0*s = 73. Calculate the greatest common factor of u and 65.
13
Let q = -5 - -7. Suppose q*l = 3 + 23. Calculate the highest common divisor of l and 91.
13
Suppose 3 + 35 = 2*o. Calculate the greatest common factor of o and 57.
19
Let t(g) = g**3 + 32*g**2 - 33*g + 2. Let o be t(-33). Suppose 4*l + 25 = 2*p + l, -5*p + 3*l + 40 = 0. What is the greatest common factor of o and p?
1
Suppose -5*t - 17 = 2*s, 5*s + 3 = -3*t + 8. Suppose s*z = -0*z - 20. Let h be (4/z)/((-6)/105). What is the greatest common divisor of 35 and h?
7
Let r be 54*1/9*3. Calculate the greatest common factor of 198 and r.
18
Let m(t) = 3*t**2 + 16*t - 2. Let h(g) = -g**2 - g + 1. Let o(c) = -4*h(c) - m(c). Let x be o(14). Calculate the greatest common factor of 13 and x.
13
Suppose -k + 21 = i, -i + 3*k + 4 - 3 = 0. What is the highest common factor of i and 2?
2
Let q(o) = 2*o - 14. Let r be q(12). Let j = 2 + r. Let v = 318 - 210. Calculate the greatest common factor of j and v.
12
Suppose 6*s + 1609 = 4*c + s, -2*c + 4*s = -800. Calculate the highest common factor of c and 58.
58
Let i = 4 + 21. Suppose -5*s + 60 = i. Let u = 11 - 4. What is the greatest common factor of s and u?
7
Suppose -25 = 3*x - 8*x. Suppose 4*k - 16 = 0, -x*k = 5*a - 52 + 2. Calculate the highest common divisor of a and 30.
6
Suppose m = 3*l + 8 - 4, -2*m + 8 = -2*l. Suppose x - 5 = 2*n - 2, 0 = 3*n - 2*x + 6. Suppose 3*y - 8 - 10 = n. What is the greatest common divisor of y and m?
2
Let w(k) = 15*k**2 + 7*k - 6. Let i be w(2). What is the highest common factor of 17 and i?
17
Suppose -3*d - f + 24 = 0, -4*d + 10 + 33 = 5*f. Calculate the highest common factor of 77 and d.
7
Let c be 590/14 - (-4)/(-28). What is the highest common divisor of c and 56?
14
Let t = 3 - -5. Let q = t - 8. Suppose q = 4*y - 72 + 12. Calculate the greatest common divisor of 10 and y.
5
Suppose 4 - 22 = 2*x. Let g(j) = j**2 + 8*j - 2. Let u be g(x). What is the highest common factor of u and 56?
7
Let u(t) = 15*t**3 - t**2. Let m(s) = -15*s**3 + s**2. Let k(i) = 5*m(i) + 6*u(i). Let x be k(1). What is the highest common divisor of x and 112?
14
Let p(z) = 10*z + 1. Let w be (-2)/(-4)*(5 - 3). Let i be p(w). Calculate the greatest common divisor of 33 and i.
11
Let u(w) = w + 13. Let a be u(0). Suppose 3*k - 273 = -0*k. What is the highest common divisor of a and k?
13
Suppose -2*d - 40 = -6*d. Let m be ((-12)/d)/(2/(-50)). Calculate the greatest common factor of m and 10.
10
Suppose c + 4*b = 3*b - 28, 4*b = 5*c + 131. Let p = c - -31. What is the highest common divisor of 6 and p?
2
Let m be 1 - 1 - (-12)/8*4. What is the highest common factor of m and 48?
6
Let v(m) = -m**3 + m**2 - 2*m + 9. Let n be v(0). What is the greatest common divisor of 45 and n?
9
Let q(x) = -x**3 - 3*x**2 + 4*x + 4. Let t be q(-4). Suppose 2*l - t*l + 3*m = -49, -5*l = -m - 90. Calculate the greatest common divisor of l and 34.
17
Let j = 5 - -1. Let i be -1*(-181 - -2 - -2). Let m = -123 + i. What is the highest common factor of j and m?
6
Let k(z) = 3*z**2. Let c be k(-1). Let y(i) = 4 - 2*i - 3 + i - c. Let a be y(-8). Calculate the highest common divisor of a and 42.
6
Suppose -31 + 9 = -4*g + 2*r, -27 = -4*g + r. Calculate the greatest common factor of 8 and g.
8
Let l be ((-3)/6)/(1*4/(-224)). Calculate the highest common factor of l and 14.
14
Let w(n) = n**2 + n - 7. Let x be w(-5). Let c = 24 - x. Calculate the highest common divisor of c and 11.
11
Let k = -13 - -21. Let t(q) = q**3 + q**2 - q - 2. Let d be t(2). Calculate the greatest common factor of k and d.
8
Let n be ((-7)/14)/((-1)/40). What is the greatest common divisor of n and 80?
20
Let q be (4/1)/(-2) - (-3 - 4). What is the greatest common divisor of 10 and q?
5
Let h(p) = -p + 1. Let t be h(-5). Let x = t + 16. Let s(n) = n**3 + 2*n**2 - 4*n - 1. Let i be s(-3). Calculate the greatest common factor of i and x.
2
Suppose 0 = -q + 2*i + 4, -q + 6 + 2 = 2*i. Let m be (-2)/4 - (-57)/q. Suppose 5*b = 51 + m. What is the greatest common divisor of 6 and b?
6
Suppose -5*f = 3*u - 121 + 1, 3*u + 4*f - 123 = 0. What is the highest common factor of 5 and u?
5
Let j(v) = v**2 - 2*v + 4. Let k be j(2). What is the greatest common factor of 36 and k?
4
Let b = 4 + -2. Suppose q + b*q = c - 177, 0 = -4*c + 5*q + 715. Suppose z = g + 44, -g + c = 5*z + 2*g. What is the highest common divisor of z and 26?
13
Suppose 3*k - 1 = 2*c, -2 - 3 = -2*k - 3*c. Suppose -z - 4*z + 5 = 0. Let n be (z + k - 1) + 15. Calculate the highest common factor of n and 64.
16
Let n be (2 - -18) + 0 - -2. Suppose -7*i - 110 = -9*i. What is the highest common factor of i and n?
11
Let p(s) = s**3 - 7*s**2 - 7*s - 4. Let z be p(8). Suppose -z*f + 78 - 6 = 0. Calculate the highest common factor of f and 12.
6
Let u(o) = o - 12. Let y be u(12). Suppose 0 = -2*a - y*a + 14. Calculate the highest common factor of a and 7.
7
Suppose 4*u - 144 = -5*u. Calculate the highest common divisor of 128 and u.
16
Suppose -7 = -2*c + 49. Let n be 100/7 + (-8)/c. Calculate the highest common divisor of n and 14.
14
Let b = 15 + -11. Suppose 180 = -0*w + b*w. Let l = 6 - -3. What is the highest common divisor of l and w?
9
Suppose -12 = s + 44. Let k = 101 + s. What is the greatest common divisor of k and 18?
9
Suppose p + 45 = 4*p. What is the greatest common factor of 165 and p?
15
Let y(z) = 14*z**2 - z - 2. Let l be y(-2). Let m be l/12*144/28. What is the highest common divisor of m and 216?
24
Suppose 4*q = 3*k + 7 + 301, -q - 4*k + 58 = 0. Calculate the highest common factor of q and 185.
37
Suppose 8*q = 12*q - 24. Calculate the greatest common factor of q and 48.
6
Let i be -11*3/(-12) + 2/8. What is the highest common factor of 30 and i?
3
Let o(t) = t**2 + t - 1. Let k be o(-3). Calculate the highest common factor of k and 35.
5
Let m(p) = 3*p**2 + 2*p - 3. Let f be m(3). Calculate the greatest common factor of 45 and f.
15
Let n be (-1 + 5)/((-4)/(-40)). Suppose 3*i = 4*i - 20. What is the highest common divisor of n and i?
20
Suppose -579 = -3*q + 3*m, 7*q - 3*q + m - 787 = 0. Calculate the highest common divisor of 28 and q.
28
Suppose 96 = 5*q - 94. Calculate the highest common divisor of 19 and q.
19
Suppose -z + 3*w = -9, 3*w + 0*w = -4*z + 96. Let l = -126 + 129. Calculate the greatest common divisor of z and l.
3
Suppose 2*i + 3*i - 3*w = 16, 0 = -5*i - 5*w. Let a be i/(((-9)/(-6))/(-3)). Let r be ((-11)/(-2))/((-2)/a). What is the highest common factor of 44 and r?
11
Let q(l) be the first derivative of 3*l**2/2 - 6*l + 2. Let f be q(7). Let k be (-452)/(-6) + (-1)/3. Calculate the greatest common divisor of f and k.
15
Let c = 13 + -10. Suppose c*s + 3*t = -t + 48, 45 = 4*s - t. What is the highest common factor of 36 and s?
12
Suppose -6*d + 6 = -3*d. Supp